 Let b be v(-19). Suppose -156 = -5*q - y, s*y = 3*q - 0*y - b. What are the prime factors of q?
31
Let x = -345 - -434. Suppose -x = -y + i, 30*i = 31*i - 5. List the prime factors of y.
2, 47
Let p(a) = a**2 + 303*a - 449. List the prime factors of p(124).
47, 1117
Suppose c = 4*s + 461, 0*s - s = -2*c + 124. List the prime factors of (10/(-6) + 2)/((-1)/s).
2, 19
Let f(u) = 2*u**2 - 25*u - 129. Let c be f(24). Suppose x + z - c = 0, 17*x = 19*x + 5*z - 852. List the prime factors of x.
421
Suppose -3673 = -4*t - 2*w - 573, -4*t = w - 3102. Let f = t + -520. What are the prime factors of f?
2
Let g(o) = -o**2 + 4*o + 49. Let u be g(9). Let d(h) = 37*h**2 + 11*h - 9. What are the prime factors of d(u)?
3, 11, 19
Suppose -3*f + 8*f - 9 = 3*j, 3*j = 6. Suppose f*n = -o + 551, 5*o + 905 = 4*n + n. Suppose 305 = 8*l - n. List the prime factors of l.
61
Let k = 10106 - 5593. What are the prime factors of k?
4513
Let v = -68 + 70. Suppose v*y = -10*y + 108. Suppose -y*r + 35 = -217. What are the prime factors of r?
2, 7
Let u(s) = 5*s**2 + 11*s - 1. Suppose -2*v + 6*v + 28 = 0. What are the prime factors of u(v)?
167
Let q(o) be the third derivative of -o**5/60 + o**4/12 + 56*o**3/3 + 2*o**2. Let u = 26 + -26. What are the prime factors of q(u)?
2, 7
Let a be ((-16)/6)/(-1)*7539/7. Suppose -4*o = -4*r + a, -8*o - 3598 = -5*r - 11*o. List the prime factors of r.
719
Suppose 20766*w + 329856 = 20782*w. List the prime factors of w.
2, 3, 859
List the prime factors of ((-7)/(490/52556))/(-2 - 28/(-15)).
3, 1877
Let a be (6/4)/(-2 - (-78)/48). What are the prime factors of 622/(a - (-5 + -1))?
311
Let k(n) be the second derivative of n**4/12 - 2*n**3 - 4*n**2 + n - 180. Let m be 2/(-3) - (-287)/21. What are the prime factors of k(m)?
5
Suppose 14*t = 10*t + 16. Suppose 5*s - 67 - 10 = -t*n, 2*s = -5*n + 75. Suppose -n*y + 18*y - 425 = 0. What are the prime factors of y?
5, 17
List the prime factors of 4638 - (3 + (-12 - -5) + 4).
2, 3, 773
Let q(s) = s**2 - 9*s + 26. Let m be q(5). Let a be (-3)/(-6)*-6 + m. Suppose n + 3*i = -n + 333, -5*n - a*i + 837 = 0. What are the prime factors of n?
2, 3, 7
Let x(q) = q**3 + 55*q**2 - 943*q - 48. List the prime factors of x(-68).
2, 991
Let o(s) = -13*s + 46 + s + 38 + 71 - 8*s. What are the prime factors of o(-39)?
5, 11, 17
Let p(x) be the first derivative of -x**3/3 + 17*x**2/2 + 224*x - 272. What are the prime factors of p(25)?
2, 3
Suppose 3*b - 4*x = -0*x - 135, -2*b - 90 = 2*x. Let h = b + 43. Let u(z) = 27*z**2 - 5*z - 13. List the prime factors of u(h).
3, 5, 7
Suppose 0 = 12*c - 11 + 83. Let u(d) = -40*d + 35. What are the prime factors of u(c)?
5, 11
Suppose -451*z - 17984 = -2*c - 450*z, -5*z = 5*c - 45005. What are the prime factors of c?
5, 7, 257
Let g(y) = -y**3 - 15*y**2 - 6*y - 22. Let i be (-4 - (-1 + 0))*11. Let p = 18 + i. List the prime factors of g(p).
2, 17
Suppose 0 = 5*b + o - 11, 9 = 7*b - 3*b + o. List the prime factors of -5 - (1 - b)/(35/35315).
2, 251
Let g = -5051 - -14368. List the prime factors of g/21 + (-8)/12.
443
Suppose -4*n - 57*j = -58*j - 10768, -4*n + 4*j = -10780. What are the prime factors of n?
3, 13, 23
Let i(h) be the first derivative of -h**3/3 + 10*h**2 - 24*h - 14. Let j(q) be the first derivative of i(q). What are the prime factors of j(-5)?
2, 3, 5
Suppose -21*m - 3*m + 13*m = -11737. What are the prime factors of m?
11, 97
Let p = -265 + 270. Suppose 3*k = p*o + 1378, 5*k - o - 179 = 2081. What are the prime factors of k?
11, 41
Let o(v) = v**3 - 55*v**2 + 76*v - 363. What are the prime factors of o(54)?
3, 5, 11
Let u(k) = -2*k**2 + 46*k + 2. Let x be u(23). Suppose x*a = 6*a - 1476. List the prime factors of a.
3, 41
Suppose -4*o = h - 7, o - 2*h + 6 - 10 = 0. Let q(m) = 3*m + 2*m**2 - 2*m + 19*m**3 + m - 4. What are the prime factors of q(o)?
2, 5
Let j = -709 + 2929. What are the prime factors of j?
2, 3, 5, 37
Suppose 17*d + 107276 = 16*d + 14*d. What are the prime factors of d?
2, 2063
Suppose w - 71826 = -3*q, -33*q = -3*w - 36*q + 215520. List the prime factors of w.
3, 887
Let j = -14597 + 19257. What are the prime factors of j?
2, 5, 233
Suppose 12 = -9*f + 12. Suppose -3*o + 26 + 49 = f. Suppose -4*d - 5*t + 74 = 0, -3*t + 82 = 3*d + o. What are the prime factors of d?
3, 7
Let w = -11310 - -36186. What are the prime factors of w?
2, 3, 691
Suppose -2*o - 3 = -4*i + 5, -3*o = i - 16. Let q(m) = 38*m**2 - 8*m + 9. List the prime factors of q(o).
3, 5, 13
Let z = -132821 - -200531. What are the prime factors of z?
2, 3, 5, 37, 61
Let f(t) = t**2 + 12*t - 45. Let v be f(-15). Suppose v = -147*c + 144*c. Suppose 5*l - 444 - 546 = c. List the prime factors of l.
2, 3, 11
Let t = -4 - 56. Let b = -99 - 4. Let h = t - b. What are the prime factors of h?
43
Let q(u) = 23*u - 12. Let b(d) = 23*d - 11. Let l(h) = -5*b(h) + 6*q(h). Let w be ((-18)/8)/((-12)/32). What are the prime factors of l(w)?
11
Let s = 7995 - 8146. Suppose -2*w - 560 = -2*r, -3*w + 6*r = r + 836. Let a = s - w. What are the prime factors of a?
131
Suppose 8 = 4*o - 0*o. Let h be (-57)/(-38) + (-37)/o. What are the prime factors of -1 - 0 - (h + 12/3)?
2, 3
Suppose 0 = -5*x + 3*d + 3237, -4*x - 3*d + 2595 = -0*d. Suppose -28*t + x = -25*t. What are the prime factors of t?
2, 3
Let a = 279 + -66. Suppose -3*u = 4*s + a + 9, -s = 2*u + 53. Let v = s - -99. What are the prime factors of v?
2, 3, 7
Suppose -7*k - 100 = -3*k. Let x = k + 25. Suppose 0 = -x*r + 5*r - 275. List the prime factors of r.
5, 11
Let r(f) = 22*f**3 - 5*f**2 - 13*f - 83. List the prime factors of r(8).
31, 347
Let x(z) = -5*z - 1. Let j(t) = 2*t**2 - 5*t + 4. Let h be j(1). Let d be x(h). List the prime factors of (-567)/6*-2*(-4)/d.
2, 3, 7
Suppose 1251580 = 61*v - 122445. List the prime factors of v.
5, 17, 53
Let g be (792/(-77))/((-15)/140). Suppose 0 = 95*b - g*b + 631. List the prime factors of b.
631
Let n = 149 + -26. Let g be 3/12 - n/12. List the prime factors of (20424/345)/(6/g - -1).
2, 37
Let i = 1027 - 1589. What are the prime factors of -4*(-65)/52 - (i + -1)?
2, 71
Suppose h - 23328 = -4*i, 46*h - 42*h = 2*i - 11646. What are the prime factors of i?
7, 17
Suppose -143320 = 215*c - 235*c. What are the prime factors of c?
2, 3583
Let p(l) = l**2 - 24*l - 73. Let f be p(27). List the prime factors of 851/3 - f/12.
283
What are the prime factors of (7 - -9 - -5909)/(0 + 1)?
3, 5, 79
Let k(j) = 1841*j - 41. List the prime factors of k(2).
11, 331
Suppose c = -2*n + 10, -50 = -5*c - 0*n - 2*n. Suppose c*u - 684 = u. Suppose 86 = 5*s + 5*d - 319, s - u = -2*d. List the prime factors of s.
2, 43
Let v be (-5)/(5/8) - (6 - 7). Let o(t) = t**2 - 19*t + 5. List the prime factors of o(v).
11, 17
Let y(v) = -v**3 - v**2 + 5*v - 3. Let f be y(-3). Suppose 8*p - 4*p - 144 = f. Suppose 4*q + p = 2*h, 0 = -2*h + q - 4*q + 29. List the prime factors of h.
2
Suppose 4*h = 3*t - 1351, 684*t + 2300 = 689*t + 3*h. List the prime factors of t.
457
Suppose 22*y - 5480 = 23010. Let a = y - 53. What are the prime factors of a?
2, 3, 23
Suppose -w + s + 6819 = 2016, 5*w + 3*s - 23959 = 0. List the prime factors of w.
2, 11, 109
Let j(l) = 17*l - 26. Suppose 3*t + 7 = -w, w + 3 = -t - 0*w. Let y(z) = z + 7. Let x be y(t). List the prime factors of j(x).
59
Let x = -210 + 222. Let k(s) = -s**3 + 15*s**2 - 6*s - 27. What are the prime factors of k(x)?
3, 37
Let j(u) = 3*u**2 - 7*u + 3. Let c be j(1). What are the prime factors of ((-2)/c)/((-14)/(-581))?
83
Suppose 32 + 3 = 7*z. Suppose 0 = z*a - 5*u - 3495, 11*a - 8*a - u = 2099. What are the prime factors of a?
2, 5, 7
Let z be 12/20 - 44/(-10). Suppose 0 = -2*w, -z*w + 90 = -5*s - 0*w. Let q(n) = n**2 + 13*n + 3. List the prime factors of q(s).
3, 31
Let g(c) = -395*c**3 - 3*c**2 - 32*c - 47. List the prime factors of g(-2).
3, 5, 211
Let o(w) = w**3 + 4*w**2 + 3*w + 6. Let p be o(-3). Let f(i) = 21*i + 22. Let r(m) = -m + 1. Let v(b) = f(b) - 4*r(b). List the prime factors of v(p).
2, 3, 7
Suppose -53*p - 105 = -48*p. Let a be (-2)/(-2) + (p - -282). Suppose 5*h - 897 = -a. What are the prime factors of h?
127
Let k be (-7)/(-28) + 30/8. Let j be -192 - (k/(-4))/1. Let o = 284 + j. What are the prime factors of o?
3, 31
Suppose 0 = 9*f - 19 - 17. Suppose f*g - 5*j - 2040 =